e remainder when 175 is divided by 22?
21
What is the remainder when 770 is divided by 191?
6
Calculate the remainder when 1715 is divided by 156.
155
What is the remainder when 1228 is divided by 15?
13
Calculate the remainder when 312 is divided by 53.
47
Calculate the remainder when 944 is divided by 22.
20
What is the remainder when 470 is divided by 78?
2
What is the remainder when 213 is divided by 24?
21
What is the remainder when 610 is divided by 15?
10
What is the remainder when 833 is divided by 19?
16
What is the remainder when 923 is divided by 28?
27
What is the remainder when 4936 is divided by 412?
404
Calculate the remainder when 1185 is divided by 44.
41
What is the remainder when 600 is divided by 9?
6
What is the remainder when 207 is divided by 14?
11
What is the remainder when 61 is divided by 33?
28
What is the remainder when 106 is divided by 78?
28
What is the remainder when 557 is divided by 140?
137
Calculate the remainder when 105 is divided by 3.
0
What is the remainder when 1173 is divided by 67?
34
What is the remainder when 1145 is divided by 41?
38
Calculate the remainder when 184 is divided by 36.
4
What is the remainder when 47 is divided by 25?
22
Calculate the remainder when 10191 is divided by 24.
15
Calculate the remainder when 6357 is divided by 6.
3
What is the remainder when 2526 is divided by 32?
30
Calculate the remainder when 232 is divided by 26.
24
What is the remainder when 80 is divided by 12?
8
Calculate the remainder when 341 is divided by 87.
80
Calculate the remainder when 6922 is divided by 27.
10
Calculate the remainder when 62 is divided by 36.
26
What is the remainder when 3992 is divided by 6?
2
Calculate the remainder when 251 is divided by 12.
11
Calculate the remainder when 18 is divided by 4.
2
Calculate the remainder when 202 is divided by 29.
28
What is the remainder when 11318 is divided by 10?
8
What is the remainder when 90 is divided by 4?
2
What is the remainder when 1644 is divided by 815?
14
What is the remainder when 167 is divided by 68?
31
What is the remainder when 205 is divided by 61?
22
Calculate the remainder when 20 is divided by 15.
5
Calculate the remainder when 1017 is divided by 85.
82
What is the remainder when 1615 is divided by 59?
22
What is the remainder when 86 is divided by 35?
16
Calculate the remainder when 106 is divided by 76.
30
Calculate the remainder when 299 is divided by 66.
35
Calculate the remainder when 37 is divided by 23.
14
Calculate the remainder when 122 is divided by 38.
8
What is the remainder when 309 is divided by 34?
3
Calculate the remainder when 412 is divided by 20.
12
Calculate the remainder when 1417 is divided by 16.
9
What is the remainder when 107 is divided by 11?
8
What is the remainder when 171 is divided by 53?
12
What is the remainder when 4090 is divided by 31?
29
Calculate the remainder when 4655 is divided by 233.
228
What is the remainder when 30 is divided by 30?
0
Calculate the remainder when 754 is divided by 36.
34
Calculate the remainder when 1505 is divided by 107.
7
What is the remainder when 136 is divided by 37?
25
What is the remainder when 115 is divided by 39?
37
What is the remainder when 92 is divided by 20?
12
Calculate the remainder when 166 is divided by 42.
40
Calculate the remainder when 5854 is divided by 6.
4
Calculate the remainder when 600 is divided by 88.
72
Calculate the remainder when 5627 is divided by 1123.
12
Calculate the remainder when 5333 is divided by 11.
9
What is the remainder when 271 is divided by 55?
51
Calculate the remainder when 60 is divided by 20.
0
Calculate the remainder when 46 is divided by 27.
19
Calculate the remainder when 162 is divided by 29.
17
Calculate the remainder when 56 is divided by 31.
25
Calculate the remainder when 1401 is divided by 457.
30
Calculate the remainder when 803 is divided by 136.
123
What is the remainder when 161 is divided by 11?
7
Calculate the remainder when 339 is divided by 99.
42
What is the remainder when 1545 is divided by 119?
117
What is the remainder when 764 is divided by 10?
4
What is the remainder when 728 is divided by 40?
8
What is the remainder when 3271 is divided by 364?
359
What is the remainder when 320 is divided by 52?
8
Calculate the remainder when 360 is divided by 119.
3
What is the remainder when 2881 is divided by 28?
25
Calculate the remainder when 8973 is divided by 66.
63
Calculate the remainder when 1327 is divided by 10.
7
Calculate the remainder when 20047 is divided by 56.
55
What is the remainder when 1302 is divided by 333?
303
What is the remainder when 135 is divided by 26?
5
Calculate the remainder when 497 is divided by 20.
17
Calculate the remainder when 596 is divided by 26.
24
Calculate the remainder when 354 is divided by 74.
58
Calculate the remainder when 1796 is divided by 5.
1
Calculate the remainder when 161 is divided by 67.
27
What is the remainder when 503 is divided by 14?
13
Calculate the remainder when 994 is divided by 67.
56
What is the remainder when 3070 is divided by 32?
30
What is the remainder when 1359 is divided by 174?
141
Calculate the remainder when 684 is divided by 242.
200
What is the remainder when 1618 is divided by 86?
70
Calculate the remainder when 742 is divided by 18.
4
Calculate the remainder when 135 is divided by 34.
33
What is the remainder when 3426 is divided by 202?
194
Calculate the remainder when 2927 is divided by 727.
19
Calculate the remainder when 142 is divided by 37.
31
Calculate the remainder when 97 is divided by 14.
13
Calculate the remainder when 124 is divided by 34.
22
Calculate the remainder when 51 is divided by 4.
3
What is the remainder when 41 is divided by 17?
7
Calculate the remainder when 1861 is divided by 9.
7
What is the remainder when 64 is divided by 36?
28
What is the remainder when 156 is divided by 35?
16
What is the remainder when 276 is divided by 20?
16
Calculate the remainder when 40130 is divided by 127.
125
What is the remainder when 57 is divided by 41?
16
What is the remainder when 608 is divided by 85?
13
What is the remainder when 5357 is divided by 383?
378
What is the remainder when 20738 is divided by 223?
222
Calculate the remainder when 4715 is divided by 54.
17
What is the remainder when 17 is divided by 8?
1
Calculate the remainder when 900 is divided by 321.
258
What is the remainder when 1105 is divided by 183?
7
What is the remainder when 431 is divided by 20?
11
What is the remainder when 7470 is divided by 47?
44
What is the remainder when 560 is divided by 143?
131
Calculate the remainder when 267 is divided by 90.
87
Calculate the remainder when 129 is divided by 68.
61
Calculate the remainder when 162 is divided by 150.
12
Calculate the remainder when 6715 is divided by 320.
315
What is the remainder when 244 is divided by 5?
4
What is the remainder when 118 is divided by 28?
6
Calculate the remainder when 212 is divided by 36.
32
Calculate the remainder when 7 is divided by 2.
1
What is the remainder when 1229 is divided by 14?
11
What is the remainder when 119 is divided by 49?
21
What is the remainder when 1744 is divided by 73?
65
Calculate the remainder when 679 is divided by 333.
13
Calculate the remainder when 191 is divided by 16.
15
What is the remainder when 194 is divided by 18?
14
Calculate the remainder when 515 is divided by 515.
0
Calculate the remainder when 168 is divided by 36.
24
What is the remainder when 615 is divided by 90?
75
Calculate the remainder when 1282 is divided by 37.
24
Calculate the remainder when 753 is divided by 126.
123
What is the remainder when 71 is divided by 61?
10
Calculate the remainder when 747 is divided by 746.
1
What is the remainder when 1032 is divided by 169?
18
Calculate the remainder when 654 is divided by 84.
66
Calculate the remainder when 103 is divided by 37.
29
Calculate the remainder when 10 is divided by 5.
0
What is the remainder when 741 is divided by 186?
183
What is the remainder when 180 is divided by 48?
36
Calculate the remainder when 183 is divided by 74.
35
What is the remainder when 6657 is divided by 90?
87
Calculate the remainder when 155 is divided by 36.
11
What is the remainder when 952 is divided by 159?
157
Calculate t